{"id":26,"date":"2023-04-05T08:11:32","date_gmt":"2023-04-05T08:11:32","guid":{"rendered":"http:\/\/barceltinge.pt\/?page_id=26"},"modified":"2025-11-03T15:50:37","modified_gmt":"2025-11-03T15:50:37","slug":"inicio","status":"publish","type":"page","link":"http:\/\/barceltinge.pt\/","title":{"rendered":"Empresa"},"content":{"rendered":"\t\t<div data-elementor-type=\"wp-page\" data-elementor-id=\"26\" class=\"elementor elementor-26\">\n\t\t\t\t\t\t<section class=\"elementor-section elementor-top-section elementor-element elementor-element-6c8af255 elementor-section-boxed elementor-section-height-default elementor-section-height-default wpr-particle-no wpr-jarallax-no wpr-parallax-no wpr-sticky-section-no wpr-equal-height-no\" data-id=\"6c8af255\" data-element_type=\"section\" data-e-type=\"section\">\n\t\t\t\t\t\t<div class=\"elementor-container elementor-column-gap-default\">\n\t\t\t\t\t<div class=\"elementor-column elementor-col-100 elementor-top-column elementor-element elementor-element-19283333\" data-id=\"19283333\" data-element_type=\"column\" data-e-type=\"column\">\n\t\t\t<div class=\"elementor-widget-wrap elementor-element-populated\">\n\t\t\t\t\t\t<div class=\"elementor-element elementor-element-c05d71 elementor-widget elementor-widget-text-editor\" data-id=\"c05d71\" data-element_type=\"widget\" data-e-type=\"widget\" data-widget_type=\"text-editor.default\">\n\t\t\t\t<div class=\"elementor-widget-container\">\n\t\t\t\t\t\t\t\t\t<p>A<strong> Barceltinge Tinturaria, Lda<\/strong> foi fundada em 2018, localiza-se em Manhente, no concelho de Barcelos. A empresa opera na ind\u00fastria t\u00eaxtil e dedica-se ao acabamento e tingimento de malhas.<\/p><p>Desenvolver estrat\u00e9gias operacionais adequadas e eficazes, focalizadas nas necessidades dos clientes, originando um trabalho de alta qualidade que acabe por surpreender criando novas expectativas nos clientes.<\/p>\t\t\t\t\t\t\t\t<\/div>\n\t\t\t\t<\/div>\n\t\t\t\t\t<\/div>\n\t\t<\/div>\n\t\t\t\t\t<\/div>\n\t\t<\/section>\n\t\t\t\t<section class=\"elementor-section elementor-top-section elementor-element elementor-element-b8d308f elementor-section-boxed elementor-section-height-default elementor-section-height-default wpr-particle-no wpr-jarallax-no wpr-parallax-no wpr-sticky-section-no wpr-equal-height-no\" data-id=\"b8d308f\" data-element_type=\"section\" data-e-type=\"section\">\n\t\t\t\t\t\t<div class=\"elementor-container elementor-column-gap-default\">\n\t\t\t\t\t<div class=\"elementor-column elementor-col-100 elementor-top-column elementor-element elementor-element-806d6b7\" data-id=\"806d6b7\" data-element_type=\"column\" data-e-type=\"column\">\n\t\t\t<div class=\"elementor-widget-wrap elementor-element-populated\">\n\t\t\t\t\t\t<div class=\"elementor-element elementor-element-883ecda animated-slow elementor-invisible elementor-widget elementor-widget-heading\" data-id=\"883ecda\" data-element_type=\"widget\" data-e-type=\"widget\" data-settings=\"{&quot;_animation&quot;:&quot;fadeInDown&quot;}\" data-widget_type=\"heading.default\">\n\t\t\t\t<div class=\"elementor-widget-container\">\n\t\t\t\t\t<h2 class=\"elementor-heading-title elementor-size-medium\">Qualidade | Distin\u00e7\u00e3o | Inova\u00e7\u00e3o<\/h2>\t\t\t\t<\/div>\n\t\t\t\t<\/div>\n\t\t\t\t\t<\/div>\n\t\t<\/div>\n\t\t\t\t\t<\/div>\n\t\t<\/section>\n\t\t\t\t<section class=\"elementor-section elementor-top-section elementor-element elementor-element-473a404 elementor-section-boxed elementor-section-height-default elementor-section-height-default wpr-particle-no wpr-jarallax-no wpr-parallax-no wpr-sticky-section-no wpr-equal-height-no\" data-id=\"473a404\" data-element_type=\"section\" data-e-type=\"section\">\n\t\t\t\t\t\t<div class=\"elementor-container elementor-column-gap-default\">\n\t\t\t\t\t<div class=\"elementor-column elementor-col-100 elementor-top-column elementor-element elementor-element-3ab57f0\" data-id=\"3ab57f0\" data-element_type=\"column\" data-e-type=\"column\">\n\t\t\t<div class=\"elementor-widget-wrap elementor-element-populated\">\n\t\t\t\t\t\t<div class=\"elementor-element elementor-element-6f1d5ea elementor-fixed elementor-widget elementor-widget-image\" data-id=\"6f1d5ea\" data-element_type=\"widget\" data-e-type=\"widget\" data-settings=\"{&quot;_position&quot;:&quot;fixed&quot;}\" data-widget_type=\"image.default\">\n\t\t\t\t<div class=\"elementor-widget-container\">\n\t\t\t\t\t\t\t\t\t\t\t\t\t\t\t<img fetchpriority=\"high\" decoding=\"async\" width=\"644\" height=\"83\" src=\"http:\/\/barceltinge.pt\/wp-content\/uploads\/2024\/05\/barra-1-1024x132.webp\" class=\"attachment-large size-large wp-image-493\" alt=\"\" srcset=\"http:\/\/barceltinge.pt\/wp-content\/uploads\/2024\/05\/barra-1-1024x132.webp 1024w, http:\/\/barceltinge.pt\/wp-content\/uploads\/2024\/05\/barra-1-300x39.webp 300w, http:\/\/barceltinge.pt\/wp-content\/uploads\/2024\/05\/barra-1-768x99.webp 768w, http:\/\/barceltinge.pt\/wp-content\/uploads\/2024\/05\/barra-1-1536x198.webp 1536w, http:\/\/barceltinge.pt\/wp-content\/uploads\/2024\/05\/barra-1-2048x264.webp 2048w\" sizes=\"100vw\" \/>\t\t\t\t\t\t\t\t\t\t\t\t\t\t\t<\/div>\n\t\t\t\t<\/div>\n\t\t\t\t\t<\/div>\n\t\t<\/div>\n\t\t\t\t\t<\/div>\n\t\t<\/section>\n\t\t\t\t<\/div>\n\t\t","protected":false},"excerpt":{"rendered":"<p>A Barceltinge Tinturaria, Lda foi fundada em 2018, localiza-se em Manhente, no concelho de Barcelos. A empresa opera na ind\u00fastria t\u00eaxtil e dedica-se ao acabamento e tingimento de malhas. Desenvolver estrat\u00e9gias operacionais adequadas e eficazes, focalizadas nas necessidades dos clientes, originando um trabalho de alta qualidade que acabe por surpreender criando novas expectativas nos clientes. Qualidade | Distin\u00e7\u00e3o | Inova\u00e7\u00e3o<\/p>\n","protected":false},"author":1,"featured_media":0,"parent":0,"menu_order":0,"comment_status":"closed","ping_status":"closed","template":"","meta":{"footnotes":""},"class_list":["post-26","page","type-page","status-publish","hentry"],"_links":{"self":[{"href":"http:\/\/barceltinge.pt\/index.php?rest_route=\/wp\/v2\/pages\/26","targetHints":{"allow":["GET"]}}],"collection":[{"href":"http:\/\/barceltinge.pt\/index.php?rest_route=\/wp\/v2\/pages"}],"about":[{"href":"http:\/\/barceltinge.pt\/index.php?rest_route=\/wp\/v2\/types\/page"}],"author":[{"embeddable":true,"href":"http:\/\/barceltinge.pt\/index.php?rest_route=\/wp\/v2\/users\/1"}],"replies":[{"embeddable":true,"href":"http:\/\/barceltinge.pt\/index.php?rest_route=%2Fwp%2Fv2%2Fcomments&post=26"}],"version-history":[{"count":105,"href":"http:\/\/barceltinge.pt\/index.php?rest_route=\/wp\/v2\/pages\/26\/revisions"}],"predecessor-version":[{"id":590,"href":"http:\/\/barceltinge.pt\/index.php?rest_route=\/wp\/v2\/pages\/26\/revisions\/590"}],"wp:attachment":[{"href":"http:\/\/barceltinge.pt\/index.php?rest_route=%2Fwp%2Fv2%2Fmedia&parent=26"}],"curies":[{"name":"wp","href":"https:\/\/api.w.org\/{rel}","templated":true}]}}